{"id":10040,"date":"2023-05-11T16:16:33","date_gmt":"2023-05-11T13:16:33","guid":{"rendered":"https:\/\/arastirma.disk.org.tr\/?page_id=10040"},"modified":"2026-03-09T13:35:09","modified_gmt":"2026-03-09T10:35:09","slug":"enflasyon-arastirma-bultenleri","status":"publish","type":"page","link":"https:\/\/arastirma.disk.org.tr\/?page_id=10040","title":{"rendered":"\u00dccret Kay\u0131plar\u0131 \u0130zleme Raporu"},"content":{"rendered":"\t\t<div data-elementor-type=\"wp-page\" data-elementor-id=\"10040\" class=\"elementor elementor-10040\">\n\t\t\t\t\t\t<section class=\"elementor-section elementor-top-section elementor-element elementor-element-94db0d0 elementor-section-boxed elementor-section-height-default elementor-section-height-default\" data-id=\"94db0d0\" data-element_type=\"section\">\n\t\t\t\t\t\t<div class=\"elementor-container elementor-column-gap-default\">\n\t\t\t\t\t<div class=\"elementor-column elementor-col-100 elementor-top-column elementor-element elementor-element-5986993\" data-id=\"5986993\" data-element_type=\"column\">\n\t\t\t<div class=\"elementor-widget-wrap elementor-element-populated\">\n\t\t\t\t\t\t<div class=\"elementor-element elementor-element-3d50d97 elementor-widget__width-initial elementor-widget elementor-widget-accordion\" data-id=\"3d50d97\" data-element_type=\"widget\" data-widget_type=\"accordion.default\">\n\t\t\t\t<div class=\"elementor-widget-container\">\n\t\t\t\t\t\t\t<div class=\"elementor-accordion\">\n\t\t\t\t\t\t\t<div class=\"elementor-accordion-item\">\n\t\t\t\t\t<h5 id=\"elementor-tab-title-6421\" class=\"elementor-tab-title\" data-tab=\"1\" role=\"button\" aria-controls=\"elementor-tab-content-6421\" aria-expanded=\"false\">\n\t\t\t\t\t\t\t\t\t\t\t\t\t<span class=\"elementor-accordion-icon elementor-accordion-icon-left\" aria-hidden=\"true\">\n\t\t\t\t\t\t\t\t\t\t\t\t\t\t\t<span class=\"elementor-accordion-icon-closed\"><i class=\"fas fa-plus\"><\/i><\/span>\n\t\t\t\t\t\t\t\t<span class=\"elementor-accordion-icon-opened\"><i class=\"fas fa-minus\"><\/i><\/span>\n\t\t\t\t\t\t\t\t\t\t\t\t\t\t<\/span>\n\t\t\t\t\t\t\t\t\t\t\t\t<a class=\"elementor-accordion-title\" tabindex=\"0\">2026<\/a>\n\t\t\t\t\t<\/h5>\n\t\t\t\t\t<div id=\"elementor-tab-content-6421\" class=\"elementor-tab-content elementor-clearfix\" data-tab=\"1\" role=\"region\" aria-labelledby=\"elementor-tab-title-6421\"><ul><li><strong><a href=\"https:\/\/arastirma.disk.org.tr\/?p=13501\">Ocak<\/a><\/strong><\/li><li><a href=\"https:\/\/arastirma.disk.org.tr\/?p=13583\"><b>\u015eubat<\/b><\/a><\/li><li><a href=\"https:\/\/arastirma.disk.org.tr\/?p=13606\"><b>Mart<\/b><\/a><\/li><\/ul><\/div>\n\t\t\t\t<\/div>\n\t\t\t\t\t\t\t<div class=\"elementor-accordion-item\">\n\t\t\t\t\t<h5 id=\"elementor-tab-title-6422\" class=\"elementor-tab-title\" data-tab=\"2\" role=\"button\" aria-controls=\"elementor-tab-content-6422\" aria-expanded=\"false\">\n\t\t\t\t\t\t\t\t\t\t\t\t\t<span class=\"elementor-accordion-icon elementor-accordion-icon-left\" aria-hidden=\"true\">\n\t\t\t\t\t\t\t\t\t\t\t\t\t\t\t<span class=\"elementor-accordion-icon-closed\"><i class=\"fas fa-plus\"><\/i><\/span>\n\t\t\t\t\t\t\t\t<span class=\"elementor-accordion-icon-opened\"><i class=\"fas fa-minus\"><\/i><\/span>\n\t\t\t\t\t\t\t\t\t\t\t\t\t\t<\/span>\n\t\t\t\t\t\t\t\t\t\t\t\t<a class=\"elementor-accordion-title\" tabindex=\"0\">2025<\/a>\n\t\t\t\t\t<\/h5>\n\t\t\t\t\t<div id=\"elementor-tab-content-6422\" class=\"elementor-tab-content elementor-clearfix\" data-tab=\"2\" role=\"region\" aria-labelledby=\"elementor-tab-title-6422\"><ul><li><a href=\"https:\/\/arastirma.disk.org.tr\/?p=12539\" target=\"_blank\" rel=\"noopener\"><b>\u015eubat 2025<\/b><\/a><\/li><li><a href=\"https:\/\/arastirma.disk.org.tr\/?p=12665\" target=\"_blank\" rel=\"noopener\"><b>Mart 2025<\/b><\/a><\/li><li><a href=\"https:\/\/arastirma.disk.org.tr\/?p=12732\" target=\"_blank\" rel=\"noopener\"><b>Nisan 2025<\/b><\/a><\/li><li><b><a href=\"https:\/\/arastirma.disk.org.tr\/?p=12803\">May\u0131s 2025<\/a><a href=\"https:\/\/arastirma.disk.org.tr\/?p=12869\" target=\"_blank\" rel=\"noopener\">\u00a0<\/a><\/b><\/li><li><b><a href=\"https:\/\/arastirma.disk.org.tr\/?p=12878\">Haziran 2025<\/a><\/b><\/li><li><b><a href=\"https:\/\/arastirma.disk.org.tr\/?p=12929\">Temmuz 2025<\/a><\/b><\/li><li><b><a href=\"https:\/\/arastirma.disk.org.tr\/?p=13091\">A\u011fustos 2025<\/a><\/b><\/li><li><a href=\"https:\/\/arastirma.disk.org.tr\/?p=13143\" target=\"_blank\" rel=\"noopener\"><b>Eyl\u00fcl 2025<\/b><\/a><\/li><li><a href=\"https:\/\/arastirma.disk.org.tr\/?p=13266\" target=\"_blank\" rel=\"noopener\"><b>Ekim 2025<\/b><\/a><\/li><li><a href=\"https:\/\/arastirma.disk.org.tr\/?p=13358\" target=\"_blank\" rel=\"noopener\"><b>Kas\u0131m 2025<\/b><\/a><\/li><li><b><a href=\"https:\/\/arastirma.disk.org.tr\/?p=13414\">Aral\u0131k 2025<\/a><\/b><\/li><\/ul><\/div>\n\t\t\t\t<\/div>\n\t\t\t\t\t\t\t\t<\/div>\n\t\t\t\t\t\t<\/div>\n\t\t\t\t<\/div>\n\t\t\t\t\t<\/div>\n\t\t<\/div>\n\t\t\t\t\t<\/div>\n\t\t<\/section>\n\t\t\t\t<section class=\"elementor-section elementor-top-section elementor-element elementor-element-de9ddc0 elementor-section-boxed elementor-section-height-default elementor-section-height-default\" data-id=\"de9ddc0\" data-element_type=\"section\">\n\t\t\t\t\t\t<div class=\"elementor-container elementor-column-gap-default\">\n\t\t\t\t\t<div class=\"elementor-column elementor-col-100 elementor-top-column elementor-element elementor-element-8c90b3d\" data-id=\"8c90b3d\" data-element_type=\"column\">\n\t\t\t<div class=\"elementor-widget-wrap elementor-element-populated\">\n\t\t\t\t\t\t\t<\/div>\n\t\t<\/div>\n\t\t\t\t\t<\/div>\n\t\t<\/section>\n\t\t\t\t<\/div>\n\t\t","protected":false},"excerpt":{"rendered":"<p>2026 Ocak \u015eubat Mart 2025 \u015eubat 2025 Mart 2025 Nisan 2025 May\u0131s 2025\u00a0 Haziran 2025 Temmuz 2025 A\u011fustos 2025 Eyl\u00fcl 2025 Ekim 2025 Kas\u0131m 2025&#8230;<\/p>\n","protected":false},"author":3,"featured_media":0,"parent":2902,"menu_order":0,"comment_status":"closed","ping_status":"closed","template":"template-full-width-page.php","meta":{"footnotes":""},"class_list":["post-10040","page","type-page","status-publish","hentry"],"_links":{"self":[{"href":"https:\/\/arastirma.disk.org.tr\/index.php?rest_route=\/wp\/v2\/pages\/10040","targetHints":{"allow":["GET"]}}],"collection":[{"href":"https:\/\/arastirma.disk.org.tr\/index.php?rest_route=\/wp\/v2\/pages"}],"about":[{"href":"https:\/\/arastirma.disk.org.tr\/index.php?rest_route=\/wp\/v2\/types\/page"}],"author":[{"embeddable":true,"href":"https:\/\/arastirma.disk.org.tr\/index.php?rest_route=\/wp\/v2\/users\/3"}],"replies":[{"embeddable":true,"href":"https:\/\/arastirma.disk.org.tr\/index.php?rest_route=%2Fwp%2Fv2%2Fcomments&post=10040"}],"version-history":[{"count":144,"href":"https:\/\/arastirma.disk.org.tr\/index.php?rest_route=\/wp\/v2\/pages\/10040\/revisions"}],"predecessor-version":[{"id":13618,"href":"https:\/\/arastirma.disk.org.tr\/index.php?rest_route=\/wp\/v2\/pages\/10040\/revisions\/13618"}],"up":[{"embeddable":true,"href":"https:\/\/arastirma.disk.org.tr\/index.php?rest_route=\/wp\/v2\/pages\/2902"}],"wp:attachment":[{"href":"https:\/\/arastirma.disk.org.tr\/index.php?rest_route=%2Fwp%2Fv2%2Fmedia&parent=10040"}],"curies":[{"name":"wp","href":"https:\/\/api.w.org\/{rel}","templated":true}]}}